{"id":4748,"date":"2021-01-18T13:18:49","date_gmt":"2021-01-18T12:18:49","guid":{"rendered":"https:\/\/dansktilsosu.dk\/naturfag\/?page_id=4748"},"modified":"2021-09-26T17:13:29","modified_gmt":"2021-09-26T15:13:29","slug":"om","status":"publish","type":"page","link":"https:\/\/dansktilsosu.dk\/naturfag\/om\/","title":{"rendered":"Om"},"content":{"rendered":"\t\t<div data-elementor-type=\"wp-page\" data-elementor-id=\"4748\" class=\"elementor elementor-4748\">\n\t\t\t\t\t\t<section class=\"has_eae_slider elementor-section elementor-top-section elementor-element elementor-element-233c56b elementor-section-boxed elementor-section-height-default elementor-section-height-default\" data-id=\"233c56b\" data-element_type=\"section\">\n\t\t\t\t\t\t<div class=\"elementor-container elementor-column-gap-default\">\n\t\t\t\t\t<div class=\"has_eae_slider elementor-column elementor-col-33 elementor-top-column elementor-element elementor-element-2879fd5\" data-id=\"2879fd5\" data-element_type=\"column\">\n\t\t\t<div class=\"elementor-widget-wrap\">\n\t\t\t\t\t\t\t<\/div>\n\t\t<\/div>\n\t\t\t\t<div class=\"has_eae_slider elementor-column elementor-col-33 elementor-top-column elementor-element elementor-element-92986fe\" data-id=\"92986fe\" data-element_type=\"column\">\n\t\t\t<div class=\"elementor-widget-wrap elementor-element-populated\">\n\t\t\t\t\t\t<div class=\"elementor-element elementor-element-f61afe9 elementor-hidden-phone elementor-widget elementor-widget-spacer\" data-id=\"f61afe9\" data-element_type=\"widget\" data-widget_type=\"spacer.default\">\n\t\t\t\t<div class=\"elementor-widget-container\">\n\t\t\t\t\t\t\t<div class=\"elementor-spacer\">\n\t\t\t<div class=\"elementor-spacer-inner\"><\/div>\n\t\t<\/div>\n\t\t\t\t\t\t<\/div>\n\t\t\t\t<\/div>\n\t\t\t\t<div class=\"elementor-element elementor-element-bc81e8e elementor-widget elementor-widget-heading\" data-id=\"bc81e8e\" data-element_type=\"widget\" data-widget_type=\"heading.default\">\n\t\t\t\t<div class=\"elementor-widget-container\">\n\t\t\t\t\t<h2 class=\"elementor-heading-title elementor-size-default\">Baggrunden for dansk til SOSU<\/h2>\t\t\t\t<\/div>\n\t\t\t\t<\/div>\n\t\t\t\t<div class=\"elementor-element elementor-element-859ac19 elementor-widget elementor-widget-text-editor\" data-id=\"859ac19\" data-element_type=\"widget\" data-widget_type=\"text-editor.default\">\n\t\t\t\t<div class=\"elementor-widget-container\">\n\t\t\t\t\t\t\t\t\t<p>Projektet her er skabt med en ambition om, at give to-sprogede SOSU-studerende adgang til et praksisn\u00e6rt undervisningsmateriale, der kan underst\u00f8tte og udvikle de studerendes SOSU-faglige sprog-f\u00e6rdigheder.<\/p><p>Projektet er st\u00f8ttet af B\u00f8rne og Undervisningsministeriets &#8220;Pulje til udvikling af digitale<br>og interaktive undervisningsmaterialer til erhvervsuddannelserne&#8221;.<\/p>\n<p>Projektet er udf\u00f8rt af Communiko I\/S og SOSU \u00d8stjylland, der sammen ans\u00f8gte ovenst\u00e5ende pulje efter initiativ fra Communiko I\/S, der tidligere har lavet lignende materiale for Region Sj\u00e6lland.<\/p>\n<p>Musikken i filmene er &#8220;Autumn Day&#8221; af Kevin MacLeod (<a href=\"https:\/\/incompetech.com\" target=\"_blank\">incompetech.com<\/a>).<br>Licensed under Creative Commons: By Attribution 4.0 License (<a href=\"https:\/\/creativecommons.org\/licenses\/by\/4.0\/\" target=\"_blank\">https:\/\/creativecommons.org\/licenses\/by\/4.0\/<\/a>)<\/p>\t\t\t\t\t\t\t\t<\/div>\n\t\t\t\t<\/div>\n\t\t\t\t\t<\/div>\n\t\t<\/div>\n\t\t\t\t<div class=\"has_eae_slider elementor-column elementor-col-33 elementor-top-column elementor-element elementor-element-0a0fe75\" data-id=\"0a0fe75\" data-element_type=\"column\">\n\t\t\t<div class=\"elementor-widget-wrap\">\n\t\t\t\t\t\t\t<\/div>\n\t\t<\/div>\n\t\t\t\t\t<\/div>\n\t\t<\/section>\n\t\t\t\t<\/div>\n\t\t","protected":false},"excerpt":{"rendered":"<p>Baggrunden for dansk til SOSU Projektet her er skabt med en ambition om, at give to-sprogede SOSU-studerende adgang til et praksisn\u00e6rt undervisningsmateriale, der kan underst\u00f8tte og udvikle de studerendes SOSU-faglige sprog-f\u00e6rdigheder. Projektet er st\u00f8ttet af B\u00f8rne og Undervisningsministeriets &#8220;Pulje til udvikling af digitaleog interaktive undervisningsmaterialer til erhvervsuddannelserne&#8221;. Projektet er udf\u00f8rt af Communiko I\/S og SOSU [&hellip;]<\/p>\n","protected":false},"author":2,"featured_media":0,"parent":0,"menu_order":0,"comment_status":"closed","ping_status":"closed","template":"elementor_header_footer","meta":{"ocean_post_layout":"","ocean_both_sidebars_style":"","ocean_both_sidebars_content_width":0,"ocean_both_sidebars_sidebars_width":0,"ocean_sidebar":"0","ocean_second_sidebar":"0","ocean_disable_margins":"enable","ocean_add_body_class":"","ocean_shortcode_before_top_bar":"","ocean_shortcode_after_top_bar":"","ocean_shortcode_before_header":"","ocean_shortcode_after_header":"","ocean_has_shortcode":"","ocean_shortcode_after_title":"","ocean_shortcode_before_footer_widgets":"","ocean_shortcode_after_footer_widgets":"","ocean_shortcode_before_footer_bottom":"","ocean_shortcode_after_footer_bottom":"","ocean_display_top_bar":"default","ocean_display_header":"default","ocean_header_style":"","ocean_center_header_left_menu":"0","ocean_custom_header_template":"0","ocean_custom_logo":0,"ocean_custom_retina_logo":0,"ocean_custom_logo_max_width":0,"ocean_custom_logo_tablet_max_width":0,"ocean_custom_logo_mobile_max_width":0,"ocean_custom_logo_max_height":0,"ocean_custom_logo_tablet_max_height":0,"ocean_custom_logo_mobile_max_height":0,"ocean_header_custom_menu":"0","ocean_menu_typo_font_family":"0","ocean_menu_typo_font_subset":"","ocean_menu_typo_font_size":0,"ocean_menu_typo_font_size_tablet":0,"ocean_menu_typo_font_size_mobile":0,"ocean_menu_typo_font_size_unit":"px","ocean_menu_typo_font_weight":"","ocean_menu_typo_font_weight_tablet":"","ocean_menu_typo_font_weight_mobile":"","ocean_menu_typo_transform":"","ocean_menu_typo_transform_tablet":"","ocean_menu_typo_transform_mobile":"","ocean_menu_typo_line_height":0,"ocean_menu_typo_line_height_tablet":0,"ocean_menu_typo_line_height_mobile":0,"ocean_menu_typo_line_height_unit":"","ocean_menu_typo_spacing":0,"ocean_menu_typo_spacing_tablet":0,"ocean_menu_typo_spacing_mobile":0,"ocean_menu_typo_spacing_unit":"","ocean_menu_link_color":"","ocean_menu_link_color_hover":"","ocean_menu_link_color_active":"","ocean_menu_link_background":"","ocean_menu_link_hover_background":"","ocean_menu_link_active_background":"","ocean_menu_social_links_bg":"","ocean_menu_social_hover_links_bg":"","ocean_menu_social_links_color":"","ocean_menu_social_hover_links_color":"","ocean_disable_title":"default","ocean_disable_heading":"default","ocean_post_title":"Om \u00bbDansk til SOSU\u00ab","ocean_post_subheading":"","ocean_post_title_style":"centered","ocean_post_title_background_color":"","ocean_post_title_background":0,"ocean_post_title_bg_image_position":"","ocean_post_title_bg_image_attachment":"","ocean_post_title_bg_image_repeat":"","ocean_post_title_bg_image_size":"","ocean_post_title_height":0,"ocean_post_title_bg_overlay":0.5,"ocean_post_title_bg_overlay_color":"","ocean_disable_breadcrumbs":"default","ocean_breadcrumbs_color":"","ocean_breadcrumbs_separator_color":"","ocean_breadcrumbs_links_color":"","ocean_breadcrumbs_links_hover_color":"","ocean_display_footer_widgets":"default","ocean_display_footer_bottom":"default","ocean_custom_footer_template":"0","footnotes":""},"class_list":["post-4748","page","type-page","status-publish","hentry","entry"],"_links":{"self":[{"href":"https:\/\/dansktilsosu.dk\/naturfag\/wp-json\/wp\/v2\/pages\/4748","targetHints":{"allow":["GET"]}}],"collection":[{"href":"https:\/\/dansktilsosu.dk\/naturfag\/wp-json\/wp\/v2\/pages"}],"about":[{"href":"https:\/\/dansktilsosu.dk\/naturfag\/wp-json\/wp\/v2\/types\/page"}],"author":[{"embeddable":true,"href":"https:\/\/dansktilsosu.dk\/naturfag\/wp-json\/wp\/v2\/users\/2"}],"replies":[{"embeddable":true,"href":"https:\/\/dansktilsosu.dk\/naturfag\/wp-json\/wp\/v2\/comments?post=4748"}],"version-history":[{"count":31,"href":"https:\/\/dansktilsosu.dk\/naturfag\/wp-json\/wp\/v2\/pages\/4748\/revisions"}],"predecessor-version":[{"id":5187,"href":"https:\/\/dansktilsosu.dk\/naturfag\/wp-json\/wp\/v2\/pages\/4748\/revisions\/5187"}],"wp:attachment":[{"href":"https:\/\/dansktilsosu.dk\/naturfag\/wp-json\/wp\/v2\/media?parent=4748"}],"curies":[{"name":"wp","href":"https:\/\/api.w.org\/{rel}","templated":true}]}}